
Let i(b) = -1 + b**2 + 2 + 4. List the prime factors of i(4).
3, 7
Suppose 4*h = -4*l, -4*h = -3*l + 14 + 7. What are the prime factors of -1 - (h + 0) - -1?
3
Let t(q) = 9*q + 37. List the prime factors of t(4).
73
Suppose -4*v + 3*v - 6 = 0. Let z = 35 + v. List the prime factors of z.
29
Suppose 0 = -s - 1 - 2. Let a be ((-1)/s)/((-4)/(-60)). Suppose 2*q - 39 = a*d, 5*q - q + 2*d - 66 = 0. List the prime factors of q.
17
Suppose -a - 2 = -5. Suppose m = a*m - 36. What are the prime factors of m?
2, 3
What are the prime factors of (-13)/(-2*(-2)/(-12))?
3, 13
Let h = 341 + -194. List the prime factors of h.
3, 7
Let l(m) = m**2 - 8*m + 5. Let a be l(7). Let v be -1*2 + (a - -4). Suppose b = -v*c + 5*c - 16, -3*c + 5*b = 8. List the prime factors of c.
2
List the prime factors of ((-2)/6)/((-15)/1845).
41
List the prime factors of -1 + (8/(-2) - -27).
2, 11
Suppose -4*c + 108 = c - 2*a, -4*a = c - 4. Let y = c - 5. What are the prime factors of y?
3, 5
Let v = -156 + 296. List the prime factors of v.
2, 5, 7
Suppose 0 = -2*v - 20 + 106. List the prime factors of v.
43
Suppose -1 = 4*t + 3, 0 = -5*y + t + 1. Suppose -2*n + 3 = -3. Suppose -3*g - 2*o + 41 = y, -3*o + n = -0. What are the prime factors of g?
13
Let i(u) = 2*u + 3. Let d(k) = -2*k + 1. Let z be d(-6). List the prime factors of i(z).
29
Suppose 3*j - j = 16. Suppose -j = -w - 0*w. List the prime factors of w.
2
Let m = 20 - 4. List the prime factors of (8/m)/((-2)/(-24)).
2, 3
Suppose -12*h = -10*h - 198. What are the prime factors of h?
3, 11
Suppose -u + a = -31, u = -2*u - 3*a + 99. List the prime factors of u.
2
Let l = 31 + -4. What are the prime factors of l?
3
Let h = 30 - 2. Let v = -28 - -31. Suppose -5*t - v = -h. What are the prime factors of t?
5
Suppose -56 = -3*h - 2*c + 150, -4*h = 5*c - 284. What are the prime factors of h?
2, 3, 11
Let v be 18/8 + 2/(-8). Suppose -5*p + 35 = 4*o, 3*p = v*o + 2 - 3. What are the prime factors of p?
3
Suppose -x + 2*x = 0. Suppose x = 4*d - 6*d. Suppose d = l + 1 - 4. List the prime factors of l.
3
Let x(u) = -u**2 + 9*u + 3. Let s be x(9). Suppose 0*d = s*d - 3*m - 36, 3*d - 36 = -3*m. What are the prime factors of d?
2, 3
Suppose -5 = -4*t + z - 2, 2*z = t - 6. Suppose -6*u + 2*u + 60 = t. What are the prime factors of u?
3, 5
Let b be 92/6 - (-1)/(-3). Let w = 5 - 16. Let h = b + w. List the prime factors of h.
2
Let g = -13 - -53. Suppose g = 6*w - w. What are the prime factors of w?
2
Let z be (2/2)/(2/2). Suppose -2*f - z - 32 = -3*i, 36 = 5*i + 3*f. List the prime factors of i.
3
List the prime factors of 4588/20 + (-2)/5.
229
Let r(w) = w**2 - 3*w - 6. Let k be r(7). Suppose -k = -4*f + 10. List the prime factors of f.
2
Suppose -3*f - 4*y + 6 = 0, f - y + 5 = -0*y. What are the prime factors of ((-4)/(-2))/f + 11?
2, 5
Suppose -3*h + 7 + 3 = -5*y, -y + 20 = -5*h. Let w = h + 8. Suppose 2*b - 70 = -w*b. What are the prime factors of b?
2, 7
Suppose v = 25 - 2. What are the prime factors of v?
23
Let s(n) be the second derivative of n**6/120 + n**3/6 + n**2 + 2*n. Let h(d) be the first derivative of s(d). What are the prime factors of h(2)?
3
Let h(a) = -15*a - 9. Let g(z) = -7*z - 4. Let u(v) = 13*g(v) - 6*h(v). What are the prime factors of u(-8)?
2, 5
Suppose -15*g = -18*g + 87. List the prime factors of g.
29
What are the prime factors of ((-2)/3)/((-4)/132)?
2, 11
Let t(l) = -48*l + 20. List the prime factors of t(-5).
2, 5, 13
Suppose -2*r = 261 - 93. List the prime factors of 9/12 + r/(-16).
2, 3
Let n(r) = r + 1. Suppose -v + 3*v - 17 = -h, -5*h = 2*v - 61. What are the prime factors of n(h)?
2, 3
Let u(r) = -r**2 - 16*r - 9. List the prime factors of u(-14).
19
Let j = 51 - -94. List the prime factors of j.
5, 29
Suppose w + 4 = 19. Suppose -5*a = -8*a + w. Suppose -3*s - 6 = -2*f, -5*f - 5*s + 10 = -a. List the prime factors of f.
3
Suppose -3*n = -6*n. Let c = 18 - n. Suppose -3*f + 18 = -c. What are the prime factors of f?
2, 3
Let r = 6 - 10. Let f = -2 - r. List the prime factors of f.
2
Let g be -1 - (1 + -3) - -4. Suppose g*h = 6*h - 6. Suppose h*l - 36 = 2*l. List the prime factors of l.
3
Suppose 0 = 4*j + i - 156, -3*j + i = -3*i - 98. List the prime factors of j.
2, 19
Suppose -22 = -v + 102. What are the prime factors of v?
2, 31
Let h = -10 - -55. Let t = h - 12. List the prime factors of t.
3, 11
What are the prime factors of 2/8*0 + -4 + 175?
3, 19
Let n = 3 + -3. Suppose 2*r - 16 = -n. What are the prime factors of r?
2
Let u(c) = -c**3 + 3*c**2 + 6*c - 6. Let t be -8*(-2 - 6/(-4)). Let l be u(t). Suppose 2*z + 31 = 5*h, l*z - 7*z - 5 = 2*h. What are the prime factors of h?
5
Let w(x) = -x**3 + 2*x + 1. Let t be w(2). Let j(v) = -4*v**2 + v - 3. Let c be j(t). List the prime factors of (-474)/c - 2/7.
11
Let m(y) = y**3 - 20*y**2 + 44*y + 17. What are the prime factors of m(18)?
7, 23
Suppose 2*d = -0*d + 8. Let k = 13 + -7. Suppose k + d = h. List the prime factors of h.
2, 5
Suppose -4*c = 5*l - 35, -4*c + 3*c + 17 = 4*l. Suppose 81 + 19 = c*y. What are the prime factors of y?
2, 5
Suppose -2*h - 2 = -6. Let c = 12 - h. List the prime factors of c.
2, 5
Let k be (-17)/4 - (-3)/(-4). Let z be 2/(-5) - (-68)/(-5). Let m = k - z. What are the prime factors of m?
3
Let v be (0 - (-3 - -3))/1. Suppose -4*x + v*x + 3*u = -79, 5*x - 3*u - 101 = 0. Suppose 2*w - 4*g - x = 0, g - 15 = -2*g. What are the prime factors of w?
3, 7
Suppose 136 = 4*w - 4*i, -33 - 76 = -3*w - 4*i. Suppose 5*t - y - 32 = -5, -5*y - w = -5*t. What are the prime factors of t?
5
Let s(l) = -2*l**3 - l**2 + l + 1. Suppose 2*v = 5 - 3. Suppose 4*i + v = -7. List the prime factors of s(i).
11
Let m(l) = 1 - 2*l + l - 9. Let k be m(-10). Suppose 2*f - 4*t = 16, 2*f + 3 + k = -3*t. List the prime factors of f.
2
Let a be 0 + (1 - (2 + -5)). Let j = 6 + a. What are the prime factors of j?
2, 5
Suppose 0*g - g + 10 = 0. Suppose -4*h + g + 30 = 0. List the prime factors of h.
2, 5
Let o(f) = -f**3 + 4*f**2 - 2*f + 1. Let j be o(3). Suppose -5*b = -3*y + 30, -2*b = -5*b - 3*y - 18. Let p = j - b. List the prime factors of p.
2, 5
Suppose 6*a = 225 + 435. List the prime factors of a.
2, 5, 11
What are the prime factors of (-13)/(((-6)/(-15))/(-2))?
5, 13
Let m = 224 - 148. Suppose 2*t - m - 9 = z, 110 = 3*t - 5*z. Suppose 9 = -3*u + t. List the prime factors of u.
2, 3
Let a(h) = -2*h. Suppose -2*n + 5*y = 11, -n = -0*n - 5*y + 3. Let q be a(n). Suppose -3*o - 4*l + 28 = o, -o - 4*l = -q. What are the prime factors of o?
2
Let j = 5 - -1. List the prime factors of j.
2, 3
Let c(q) = q**3 - 7*q**2 + 8*q + 3. Let x(m) = 3*m - 5. Let g be x(5). Let p be -2 + g + -2 - 0. List the prime factors of c(p).
3, 5
Suppose -18 = 5*a + 7. Let l = a + 11. What are the prime factors of l?
2, 3
Let g(o) = 2*o**3 - 7*o**2 + 4*o + 3. Let l be g(4). Let n = l - 24. List the prime factors of n.
11
Suppose 0 = g - 2*h - 3*h - 97, -5*h + 137 = g. What are the prime factors of g?
3, 13
Let l be (2/4)/(6/(-48)). What are the prime factors of l/22 - (-210)/66?
3
Let a = -17 + 23. Suppose a - 93 = -3*o - 3*n, -3*n + 21 = o. What are the prime factors of o?
3, 11
Let x(z) = 8 - 2*z**2 - 22*z + 13*z + z**2. Let s be 1 - (-2 - 8)/(-1). List the prime factors of x(s).
2
Suppose 0*r - 16 = r. Suppose -m - 3 = -30. Let s = r + m. List the prime factors of s.
11
Let q(y) = -8*y - 4. Let v(z) = -7*z - 4. Let o(w) = -2*q(w) + 3*v(w). Suppose -s + 1 = 4. List the prime factors of o(s).
11
Let a(j) = -j**3 - 6*j**2 - 5*j + 4. Let o = -6 - -9. Suppose -2*y + 9 = -o*i, -3*y + 8*y - 10 = 5*i. List the prime factors of a(i).
2
Let i be -3 - (-2 - -1)*13. Suppose -3*x + i = -20. What are the prime factors of x?
2, 5
Suppose -5*g - 11 = -1. Let j be (g*2 - -1)*2. Let u(c) = c**2 + 4*c - 5. List the prime factors of u(j).
7
Let p(h) = 5*h - 2. What are the prime factors of p(2)?
2
Let o be 44/10 + (-4)/10. Suppose o*i + q = i + 2, 2*i = -2*q. Suppose -2*x = -3*t, 3*t - i - 5 = x. List the prime factors of x.
2, 3
Let w(v) = -28*v - 1. Let m = -7 - -6. What are the prime factors of w(m)?
3
Let y be 0/(-4) + -3*1. Let n = 2 + y. What are the prime factors of 2 - n*30/3?
2, 3
Let b be 16/3 + 3/(-9). Suppose b*r - 75 = 2*q, -6*q - 45 = -3*r - 2*q. List the prime factors of r.
3, 5
Let 